{"id":27,"date":"2012-12-12T14:10:14","date_gmt":"2012-12-12T14:10:14","guid":{"rendered":"http:\/\/neu.kg-bilstein.de\/?page_id=27"},"modified":"2012-12-12T15:36:24","modified_gmt":"2012-12-12T15:36:24","slug":"mitglied-werden","status":"publish","type":"page","link":"https:\/\/kg-bilstein.de\/?page_id=27","title":{"rendered":"Mitglied werden"},"content":{"rendered":"<h1 align=\"center\">Wie werde ich Mitglied der KGB ?<\/h1>\n<p align=\"center\">Ganz einfach, den unten stehenden Link anklicken, das Formular ausdrucken<br \/>\nund ausf\u00fcllen, anschlie\u00dfend bei einem der Vorstandsmitglieder abgeben !<br \/>\nGanz Einfach, oder ???<\/p>\n<p align=\"center\"><a href=\"\/wp-content\/uploads\/2012\/12\/beitrittserklrung_kgb.pdf\" target=\"_blank\" rel=\"attachment wp-att-28\">beitrittserkl\u00e4rung_kgb<\/a><\/p>\n","protected":false},"excerpt":{"rendered":"<p>Wie werde ich Mitglied der KGB ? Ganz einfach, den unten stehenden Link anklicken, das Formular ausdrucken und ausf\u00fcllen, anschlie\u00dfend bei einem der Vorstandsmitglieder abgeben ! Ganz Einfach, oder ??? beitrittserkl\u00e4rung_kgb<\/p>\n","protected":false},"author":1,"featured_media":0,"parent":0,"menu_order":5,"comment_status":"closed","ping_status":"closed","template":"","meta":{"footnotes":""},"class_list":["post-27","page","type-page","status-publish","hentry"],"_links":{"self":[{"href":"https:\/\/kg-bilstein.de\/index.php?rest_route=\/wp\/v2\/pages\/27","targetHints":{"allow":["GET"]}}],"collection":[{"href":"https:\/\/kg-bilstein.de\/index.php?rest_route=\/wp\/v2\/pages"}],"about":[{"href":"https:\/\/kg-bilstein.de\/index.php?rest_route=\/wp\/v2\/types\/page"}],"author":[{"embeddable":true,"href":"https:\/\/kg-bilstein.de\/index.php?rest_route=\/wp\/v2\/users\/1"}],"replies":[{"embeddable":true,"href":"https:\/\/kg-bilstein.de\/index.php?rest_route=%2Fwp%2Fv2%2Fcomments&post=27"}],"version-history":[{"count":6,"href":"https:\/\/kg-bilstein.de\/index.php?rest_route=\/wp\/v2\/pages\/27\/revisions"}],"predecessor-version":[{"id":95,"href":"https:\/\/kg-bilstein.de\/index.php?rest_route=\/wp\/v2\/pages\/27\/revisions\/95"}],"wp:attachment":[{"href":"https:\/\/kg-bilstein.de\/index.php?rest_route=%2Fwp%2Fv2%2Fmedia&parent=27"}],"curies":[{"name":"wp","href":"https:\/\/api.w.org\/{rel}","templated":true}]}}