{"id":558,"date":"2018-07-04T16:14:57","date_gmt":"2018-07-04T16:14:57","guid":{"rendered":"http:\/\/kg-bilstein.de\/?page_id=558"},"modified":"2018-07-04T16:14:57","modified_gmt":"2018-07-04T16:14:57","slug":"datenschutzerklaerung","status":"publish","type":"page","link":"https:\/\/kg-bilstein.de\/?page_id=558","title":{"rendered":"Datenschutzerkl\u00e4rung"},"content":{"rendered":"<p><strong>Datenschutzerkl\u00e4rung:<\/strong><\/p>\n<p><strong>Verantwortliche Stelle<\/strong><\/p>\n<p>Verantwortliche Stelle f\u00fcr die Erhebung, Verarbeitung und Nutzung Ihrer personenbezogenen Daten im Sinne des Bundesdatenschutzgesetzes (BDSG) ist<\/p>\n<p>Karnevalsgesellschaft Bilstein e.V. &#8211;\u00a0 Helsmecke 3, 57368 Lennestadt<\/p>\n<p>Sofern Sie der Erhebung, Verarbeitung oder Nutzung Ihrer Daten durch Karnevalsgesellschaft Bilstein e.V. gem\u00e4\u00df den datenschutzrechtlichen Bestimmungen insgesamt oder f\u00fcr einzelne Ma\u00dfnahmen widersprechen m\u00f6chten, richten Sie Ihren Widerspruch per Brief an folgende Kontaktdaten:<\/p>\n<p>Karnevalsgesellschaft Bilstein e.V. &#8211;\u00a0 Helsmecke 3, 57368 Lennestadt<\/p>\n<p>Wir legen gr\u00f6\u00dften Wert auf den Schutz Ihrer Daten und die Wahrung Ihrer Privatsph\u00e4re. Nachstehend informieren wir Sie deshalb \u00fcber die Erhebung und Verwendung pers\u00f6nlicher Daten bei Nutzung unserer Webseite.<\/p>\n<p><strong>Erheben, Speichern und Verwenden personenbezogener Daten<\/strong><\/p>\n<p>Bei dem Besuch unserer Website erheben, verwenden und speichern wir Ihre personenbezogenen Daten. Personenbezogene Daten sind nach \u00a7 3 Abs. 1 BDSG Einzelangaben \u00fcber pers\u00f6nliche oder sachliche Verh\u00e4ltnisse einer bestimmten oder bestimmbaren nat\u00fcrlichen Person (Betroffener).<\/p>\n<p><strong>Datenerhebung unter strenger Beachtung der Gesetze<\/strong><\/p>\n<p>Bei der Erhebung, dem Verwenden und Speichern von personenbezogenen Daten beachten wir die Vorschriften des Bundesdatenschutzgesetzes, des Telemediengesetzes und ggf. weiterer anwendbarer Datenschutzbestimmungen. Alle Kundendaten werden unter Beachtung der einschl\u00e4gigen Vorschriften des Bundesdatenschutzgesetzes (BDSG) und des Telemediengesetzes (TMG) von uns gespeichert und verarbeitet.<\/p>\n<p><strong>Cookies<\/strong><\/p>\n<p>Unsere Internetseite verwendet an mehreren Stellen so genannte Cookies. \u201eCookies\u201c sind kleine Textdateien, die auf Ihrem Rechner abgelegt werden und die Ihr Browser speichert. Sie dienen dazu, unser Angebot nutzerfreundlicher, effektiver und sicherer zu machen. Des Weiteren erm\u00f6glichen Cookies unseren Systemen, Ihren Browser zu erkennen und Ihnen Services anzubieten. Cookies enthalten keine Personenbezogenen Daten. Sie haben die M\u00f6glichkeit, das Abspeichern von Cookies auf Ihrem Rechner durch entsprechende Einstellungen in Ihrem Browser zu verhindern. Hierdurch k\u00f6nnte allerdings der Funktionsumfang unseres Angebotes eingeschr\u00e4nkt werden.<\/p>\n<p><strong>Google-Analytics<\/strong><\/p>\n<p>Diese Website benutzt Google Analytics, einen Webanalysedienst der Google Inc. (\u201eGoogle\u201c). Google Analytics verwendet sog. \u201eCookies\u201c, Textdateien, die auf Ihrem Computer gespeichert werden und die eine Analyse der Benutzung der Website durch Sie erm\u00f6glichen. Die durch den Cookie erzeugten Informationen \u00fcber Ihre Benutzung dieser Website werden in der Regel an einen Server von Google in den USA \u00fcbertragen und dort gespeichert.<br \/>\nIm Falle der Aktivierung der IP-Anonymisierung auf dieser Webseite wird Ihre IP-Adresse von Google jedoch innerhalb von Mitgliedstaaten der Europ\u00e4ischen Union oder in anderen Vertragsstaaten des Abkommens \u00fcber den Europ\u00e4ischen Wirtschaftsraum zuvor gek\u00fcrzt. Nur in Ausnahmef\u00e4llen wird die volle IP-Adresse an einen Server von Google in den USA \u00fcbertragen und dort gek\u00fcrzt. Die IP-Anonymisierung ist auf dieser Website aktiv. Im Auftrag des Betreibers dieser Website wird Google diese Informationen benutzen, um Ihre Nutzung der Website auszuwerten, um Reports \u00fcber die Websiteaktivit\u00e4ten zusammenzustellen und um weitere mit der Websitenutzung und der Internetnutzung verbundene Dienstleistungen gegen\u00fcber dem Websitebetreiber zu erbringen.<br \/>\nDie im Rahmen von Google Analytics von Ihrem Browser \u00fcbermittelte IP-Adresse wird nicht mit anderen Daten von Google zusammengef\u00fchrt. Sie k\u00f6nnen die Speicherung der Cookies durch eine entsprechende Einstellung Ihrer Browser-Software verhindern; wir weisen Sie jedoch darauf hin, dass Sie in diesem Fall gegebenenfalls nicht s\u00e4mtliche Funktionen dieser Website vollumf\u00e4nglich werden nutzen k\u00f6nnen. Sie k\u00f6nnen dar\u00fcber hinaus die Erfassung der durch das Cookie erzeugten und auf Ihre Nutzung der Website bezogenen Daten (inkl. Ihrer IP-Adresse) an Google sowie die Verarbeitung dieser Daten durch Google verhindern, indem Sie das unter dem folgenden Link verf\u00fcgbare Browser-Plugin herunterladen und installieren:\u00a0<a href=\"http:\/\/tools.google.com\/dlpage\/gaoptout?hl=de\">http:\/\/tools.google.com\/dlpage\/gaoptout?hl=de<\/a><\/p>\n<p><strong>Verwendung von Social Plugin<\/strong><\/p>\n<p>Diese Website benutzt folgendes Social Media Plugin:<\/p>\n<ul>\n<li>Facebook-I-Like\u201c bzw. \u201eFacebook-Gef\u00e4llt-mir\u201c, betrieben von: Facebook Inc., 1601 S. California Ave, Palo Alto, CA 94304, United States<\/li>\n<\/ul>\n<p>Bei diesem Social Medial Plugin handelt es sich um vom vorgenannten Social-Media-Service entwickelte und zur Verf\u00fcgung gestellte Software, die den automatisierten Datenaustausch zwischen der Website und dem Social-Media-Service erm\u00f6glicht. So k\u00f6nnen unter anderem Daten vom vorgenannten Social-Media-Service dynamisch auf die Website \u00fcbertragen werden. Gleichzeitig k\u00f6nnen auch Daten der Nutzer dieser Website zum Social-Media-Service \u00fcbertragen werden, u.a. die IP-Adresse. Die Verwendung solcher Social Plugins erkennen Sie an den besonders gekennzeichneten Schaltfl\u00e4chen.<br \/>\nBereits beim Anzeigen bzw. Laden der Website k\u00f6nnen personenbezogene Daten mit dem jeweiligen Social-Media-Service ausgetauscht werden. Nutzer haben in diesen F\u00e4llen die M\u00f6glichkeit, diesen Datenaustausch ggf. durch \u00c4nderung in den Einstellungen ihres Benutzerkontos auf der Website des vorgenannten Social-Media-Services abzulehnen.<br \/>\nDie Verwendung des Facebook-Plugins auf der Website erkennen Sie durch das Facebook-Symbol (wei\u00dfes F auf blauer Kachel bzw. \u201eDaumen-hoch-Symbol\u201c) auf einer entsprechenden Schaltfl\u00e4che.<br \/>\nDurch den Klick auf diese Schaltfl\u00e4che stimmen Sie der Nutzung dieses Plugins und damit auch der Weitergabe von personenbezogenen Daten an den vorgenannten Social-Media-Service zu. Auf die Art und den Umfang der dabei \u00fcbertragenen Daten sowie \u00fcber deren weitere Verarbeitung haben wir keinen Einfluss. Nach unserem aktuellen Kenntnisstand wird der vorgenannte Social-Media-Service dabei \u00fcber ihre IP-Adresse und \u00fcber die das Plugin nutzende Website informiert. Sofern Sie gleichzeitig auf der vorgenannten Social-Media-Service-Plattform eingeloggt sind, k\u00f6nnen die Informationen unmittelbar Ihrem Nutzerprofil zugeordnet werden.<br \/>\nM\u00f6chten Sie eine solche Sammlung von Profilinformationen vermeiden, sollten Sie sich aus der vorgenannten Social-Media-Service-Plattform ausloggen.<br \/>\nWeitere Informationen von Facebook zum Umgang mit dem entsprechenden Plugin und dem entsprechenden Social-Media-Service erhalten Sie auf:http:\/\/developers.facebook.com\/plugins. Weitere Informationen von Facebook \u00fcber die sog. Datenverwendungsrichtlinien erhalten Sie auf:<a href=\"http:\/\/www.facebook.com\/about\/privacy\">http:\/\/www.facebook.com\/about\/privacy<\/a>.<\/p>\n<p><strong>Auskunft<\/strong><\/p>\n<p>Sie haben jederzeit das Recht auf unentgeltliche Auskunft \u00fcber Ihre gespeicherten Daten sowie das Recht auf Berichtigung, L\u00f6schung bzw. Sperrung. Wenden Sie sich hierzu bitte an die im Impressum angegebene Kontaktadresse. Wir stehen Ihnen jederzeit gern f\u00fcr weitergehende Fragen zu unseren Hinweisen zum Datenschutz und zur Verarbeitung Ihrer pers\u00f6nlichen Daten zur Verf\u00fcgung.<\/p>\n<p>Quelle:\u00a0<a href=\"https:\/\/rechtsanwalt-metzler.de\/\">Rechtsanwalt Metzler<\/a><\/p>\n","protected":false},"excerpt":{"rendered":"<p>Datenschutzerkl\u00e4rung: Verantwortliche Stelle Verantwortliche Stelle f\u00fcr die Erhebung, Verarbeitung und Nutzung Ihrer personenbezogenen Daten im Sinne des Bundesdatenschutzgesetzes (BDSG) ist Karnevalsgesellschaft Bilstein e.V. &#8211;\u00a0 Helsmecke 3, 57368 Lennestadt Sofern Sie der Erhebung, Verarbeitung oder Nutzung Ihrer Daten durch Karnevalsgesellschaft Bilstein e.V. gem\u00e4\u00df den datenschutzrechtlichen Bestimmungen insgesamt oder f\u00fcr einzelne Ma\u00dfnahmen [&hellip;]<\/p>\n","protected":false},"author":1,"featured_media":0,"parent":0,"menu_order":0,"comment_status":"closed","ping_status":"closed","template":"","meta":{"footnotes":""},"class_list":["post-558","page","type-page","status-publish","hentry"],"_links":{"self":[{"href":"https:\/\/kg-bilstein.de\/index.php?rest_route=\/wp\/v2\/pages\/558","targetHints":{"allow":["GET"]}}],"collection":[{"href":"https:\/\/kg-bilstein.de\/index.php?rest_route=\/wp\/v2\/pages"}],"about":[{"href":"https:\/\/kg-bilstein.de\/index.php?rest_route=\/wp\/v2\/types\/page"}],"author":[{"embeddable":true,"href":"https:\/\/kg-bilstein.de\/index.php?rest_route=\/wp\/v2\/users\/1"}],"replies":[{"embeddable":true,"href":"https:\/\/kg-bilstein.de\/index.php?rest_route=%2Fwp%2Fv2%2Fcomments&post=558"}],"version-history":[{"count":1,"href":"https:\/\/kg-bilstein.de\/index.php?rest_route=\/wp\/v2\/pages\/558\/revisions"}],"predecessor-version":[{"id":559,"href":"https:\/\/kg-bilstein.de\/index.php?rest_route=\/wp\/v2\/pages\/558\/revisions\/559"}],"wp:attachment":[{"href":"https:\/\/kg-bilstein.de\/index.php?rest_route=%2Fwp%2Fv2%2Fmedia&parent=558"}],"curies":[{"name":"wp","href":"https:\/\/api.w.org\/{rel}","templated":true}]}}